and s.
17
Let u = -7 - 8. Let h be 90*((-48)/u + -2). Let a be ((-16)/(-6))/(3/h). Calculate the highest common divisor of a and 12.
12
Let z(s) = -s**2 - 13*s - 15. Let m be z(-11). Calculate the highest common divisor of 112 and m.
7
Let t = -11 + 15. Suppose -k = 3*x - 1, -5*x + 18 = 2*k + 2*k. Suppose -2*q + k*q - 29 = -t*m, -48 = -3*m + 5*q. Calculate the highest common factor of m and 1.
1
Let g(u) = -8*u - 13. Let t be g(-11). What is the greatest common divisor of t and 15?
15
Let t = 4 - 0. Suppose -4*v = 2*c - 32, 146 = t*c - 4*v + 34. Calculate the highest common divisor of 60 and c.
12
Suppose 0 = -5*p + p + 272. Let r = -26 + p. Suppose -n + r = 2*n. What is the highest common factor of n and 126?
14
Let f = -5 + 15. Let u be 48/5 - (-4)/f. Calculate the greatest common factor of 10 and u.
10
Let t(z) = -z + 4. Let q be t(-10). What is the greatest common divisor of 98 and q?
14
Let x be -6*(96/(-27))/((-2)/(-3)). What is the highest common divisor of x and 160?
32
Suppose 0*f - f - 2 = 0. Let b be (f/4)/((-3)/1056). Calculate the highest common factor of b and 16.
16
Let y = -12 - -26. Suppose -b = -j + 107, j + 132 = 2*j + 4*b. Calculate the greatest common divisor of y and j.
14
Let o(l) = 2*l**2 - 13*l + 11. Let p be o(8). Let j(w) = -w**3 - 5*w**2 - w + 2. Let b be j(-5). What is the greatest common factor of b and p?
7
Suppose 0 = y + 2*y - 21. Let l = y - 3. What is the greatest common factor of l and 1?
1
Let f be 13552/208 - (-2)/(-13). Calculate the greatest common divisor of f and 52.
13
Let t be (1*-3)/(6/(-8)). Let d be (369/6)/((-3)/4). Let s be 6/(-15) + d/(-5). What is the highest common divisor of s and t?
4
Let d be (0 + -2)/((-2)/3). Suppose -2*w + 111 = d. What is the highest common factor of w and 36?
18
Let a = 88 - 43. Calculate the greatest common factor of 5 and a.
5
Suppose 3*b - 2*r + 70 = 334, b - 88 = -2*r. Calculate the highest common factor of b and 11.
11
Let z be 1 + 217 + (-2 - 1). Let l = -123 + z. Calculate the greatest common factor of l and 23.
23
Let y = 48 - 28. Suppose x - 12 = -2*x. What is the highest common divisor of y and x?
4
Suppose -2*a - 4 = 3*a - 2*w, -a = -w - 1. Let u be 24/9*(-33)/a. Let t be -6*(-3)/6 + (-16)/(-2). Calculate the highest common divisor of t and u.
11
Let w = -2 + -4. Let v be 76/6*w/(-4). Suppose a + 0 - v = -4*h, -4*h + 4*a = -44. Calculate the greatest common factor of 66 and h.
6
Let a = 5 - 6. Let y be 2 - -12 - (3 + a). Calculate the greatest common factor of y and 36.
12
Suppose -5*q = 32 - 7. Let p be 9*q*24/(-18). Suppose 13 + 23 = 3*w. What is the greatest common divisor of w and p?
12
Let l = -25 + 8. Let x = 19 - l. Suppose 3*y - x = 36. Calculate the highest common factor of y and 6.
6
Suppose 68 = -4*y - 2*w, 3*w - 5 = 1. Let l be 4*(y/(-8))/3. Calculate the highest common divisor of l and 1.
1
Let y = 23 + -53. Let s = y - -78. Suppose -3*q - p = q - 60, -12 = -q - p. Calculate the greatest common factor of q and s.
16
Let i(g) = g**2 + 4*g - 4. Let v be i(-8). Let p(m) = -m**2 + 7*m + 4. Let u be p(5). Calculate the highest common divisor of u and v.
14
Let w be (2 - 10)/(4/(-6)). What is the greatest common divisor of 48 and w?
12
Let o be 1/(3 - 2) + -2. Let s be 0 + -1 + 6 + o. What is the highest common divisor of s and 10?
2
Let x = 9 + -7. Suppose x*r = 5*r - 150. Calculate the greatest common factor of 10 and r.
10
Let i = -30 + 96. Calculate the highest common divisor of 44 and i.
22
Suppose -4*m + 13 + 51 = 0. What is the highest common factor of m and 2?
2
Let f be (-2)/5 - (-8)/(-5). Let x(d) = -7*d. Let o be x(f). Calculate the greatest common divisor of o and 35.
7
Let h be (-5)/(1 + -2 + 0) + -1. Suppose 0 = 2*o + o - 36. Calculate the highest common divisor of h and o.
4
Let n be (6/(-4))/(1/2). Let t(x) = 9*x**2 - x - 4. Let g be t(n). Suppose 2*v - 4*v + 20 = 0. Calculate the highest common divisor of g and v.
10
Let y be ((-9)/3)/((-3)/2). Suppose 0 = -y*t - 2 + 6. Suppose -4*f = -2*f + p - 37, 0 = -3*f - t*p + 56. What is the highest common divisor of f and 9?
9
Suppose -4*n + 8 = -2*n. Suppose 4 + 16 = n*h. What is the greatest common factor of 1 and h?
1
Let i(w) = -2*w - 2*w**2 - 2*w**2 - w**3 - 5*w. Let m be i(-5). Let o = -23 + 35. What is the greatest common divisor of m and o?
12
Let d = 102 + 6. Calculate the highest common factor of d and 27.
27
Suppose -3*f = -49 - 35. Let q(b) = 5*b + 3. Let w be q(4). Let t be (-1)/(-3)*(-2 + w). Calculate the greatest common divisor of f and t.
7
Let m(q) = -2*q**2 - q + 3. Let n be m(7). Let w be (-2)/(-1) - (n - 0). Suppose 13*r - 65 = 8*r. Calculate the highest common divisor of w and r.
13
Let m be (-2 + 0)/((-3)/6). Let w = 169 - 165. Calculate the highest common factor of w and m.
4
Suppose -10 = r - 3*r. Let u be 2/6 - r/(-3). Suppose -10 = -u*z - 4*h, 0*z + 3*h + 77 = 5*z. Calculate the greatest common factor of 13 and z.
13
Suppose -2*k + 5*i = -18, i - 27 = -3*k - 0*k. Let s be (8 - (-2 - -3))*1. Suppose 0 = 2*n - s - 5. What is the highest common factor of k and n?
3
Suppose -12 = -3*c - 3. Suppose 2*s = 3*s + 5*i + 71, 2*i - 162 = 3*s. Let d = -35 - s. What is the greatest common factor of d and c?
3
Let x(a) = a**3 + 2*a**2 + a - 2. Let j be x(2). Calculate the highest common divisor of j and 8.
8
Suppose -3*s - s = -4. Suppose 0 = -0*h + 3*h - 3. What is the greatest common divisor of s and h?
1
Suppose -5*m + 27 + 73 = 0. Suppose -a + 12 = 2*a. Calculate the greatest common factor of m and a.
4
Suppose -6*t = -492 - 192. What is the highest common factor of 57 and t?
57
Let p(x) = x**2 - 16*x + 21. Let o be p(15). What is the highest common factor of 6 and o?
6
Let z = 30 - 8. Let l = -155 - -265. Calculate the highest common divisor of z and l.
22
Let x be 21/18*2*3. Let g be (-2)/7 + 2/x. Let l(u) = u**2 + u + 30. Let v be l(g). Calculate the greatest common divisor of v and 15.
15
Suppose -2*b - 17 = -z, -2*z - 26 = -4*z + 2*b. Let o be ((-2)/(-1))/(8/36). What is the highest common factor of o and z?
9
Let r(d) = -d**3 + 4*d**2 + 3. Let h be r(4). Suppose -h*q - 7 = -52. Calculate the highest common divisor of 5 and q.
5
Let w be (2 - 1)*(12 - 1). Let v = w + 0. Let z be (-66)/3*-1*2. Calculate the greatest common factor of v and z.
11
Suppose f = -0*f - 4*n + 22, 0 = -5*f - 5*n + 35. Let q be 18*(-7)/(-4)*f. Let j = 20 - -1. What is the highest common factor of q and j?
21
Let w be 9/6*2/3. Let n be (10/8)/(w/4). Suppose -c - 3*u + 15 = 0, 2*c = -n*u + 4*u + 20. What is the greatest common factor of c and 9?
9
Suppose 0 = 5*x - 39 - 21. Let f(a) = 13*a**3 - 4*a**2 - 3*a + 2. Let u be f(2). Calculate the greatest common divisor of x and u.
12
Suppose 5*y + 20 = y. Let v = y - -4. Let c be (v - 5)*(-2)/4. Calculate the highest common divisor of c and 12.
3
Let m = -236 - -353. Let n be 325/m + (-4)/(-18). What is the greatest common divisor of 33 and n?
3
Let n = -23 - -29. Let k be (6/8)/(2/48). What is the greatest common divisor of n and k?
6
Let n(p) = -p**2 + 6*p**2 + 0*p**3 + 2 + 2*p - 4 - p**3. Let a be n(5). What is the highest common divisor of a and 80?
8
Suppose 0 = -4*r + 5*v + 58, 2*r = 2*v + 14 + 14. Calculate the greatest common divisor of r and 108.
12
Suppose 7 = 11*d - 81. Suppose c = 3*b - 5*b + 67, -2*b = 5*c - 79. Calculate the highest common factor of b and d.
8
Suppose 4*c = -r - 51, 4*c - 2*c = 3*r - 15. Let h be (-8)/c*2*3. Calculate the greatest common factor of 36 and h.
4
Let s = -6 - -8. Suppose 9 = s*x - 19. Calculate the greatest common divisor of 42 and x.
14
Let n(j) = j**3 - 5*j + 2. Let y be n(3). What is the highest common divisor of y and 42?
14
Let y = 5 + -3. Let h = y - 0. Let x be -2*9/(-2) - h. What is the highest common divisor of x and 14?
7
Let l(y) = 15*y + 4. Let n be l(2). Let w = -106 + 157. What is the highest common factor of w and n?
17
Let g = -10 - -11. Calculate the highest common divisor of 2 and g.
1
Let g be (-18)/18 + (-1 - -22). Calculate the greatest common factor of g and 180.
20
Let a(f) be the second derivative of -f**5/20 + f. Let h be a(0). Let l be h + 13 + 1 - 2. What is the greatest common factor of l and 132?
12
Let w(d) = -d + 5. Let o be w(-6). Suppose -3*r + 501 = 5*g, 0 = 4*r + 1 - 9. C